are the prime factors of j?
2
Suppose -3*x + 251 = 5*f, 4*f - x - 217 = 2*x. List the prime factors of f.
2, 13
Let y = 27 - 10. What are the prime factors of y?
17
List the prime factors of 93/3 + -2 - -1.
2, 3, 5
Let l = -48 + 91. List the prime factors of l.
43
Let x = 5 + 0. Suppose -x*h - 34 = -159. Suppose -4*f = 3*t - h - 23, 91 = 5*f - 4*t. What are the prime factors of f?
3, 5
Let k = 273 + -150. What are the prime factors of k?
3, 41
What are the prime factors of ((-288)/27)/((-2)/3)?
2
Suppose 5*m = -p + 3*m + 6, 4*m = -3*p + 14. Suppose 4*d = p*d - 20. Let g = -5 - d. List the prime factors of g.
5
Let o(u) = u**3 - 6*u**2 - 8*u - 5. Let g be o(6). Let t = -17 - g. List the prime factors of t.
2, 3
Suppose 4*u - h = 50, -h - 56 = -4*u + 3*h. What are the prime factors of u?
2, 3
Suppose -19*y = -21*y + 82. Suppose -3*v + 75 - 184 = 4*c, 5*c + 119 = 2*v. Let t = y + c. What are the prime factors of t?
2
Let y(m) = m - 7. Let d(i) = -2*i + 14. Let r be (5/(-2))/((-1)/(-2)). Let v(j) = r*y(j) - 3*d(j). What are the prime factors of v(9)?
2
Suppose 9 = n + 5. Suppose 0 = -3*v - 5*p, -n*v - 6 = -2*p - 32. Suppose -2*y = h - 11, 0*h + 31 = v*h + 4*y. List the prime factors of h.
3
Let h = 3 - 2. Let i be h*(9/3)/(-3). What are the prime factors of i + 1 + (-4)/(-2)?
2
Let u(n) = -n**2 - 2*n + 3. Let j be u(-3). Suppose j*q = 4*q + s - 46, -3*s = -4*q + 38. What are the prime factors of q?
11
Suppose -3*r - 2*r + 24 = 4*n, -3*n - 1 = -r. What are the prime factors of (-10)/r*(-6)/3?
5
List the prime factors of (-31)/(28/8 + -4).
2, 31
Let c = 31 + -18. Suppose -w + 24 = -c. List the prime factors of w.
37
Suppose -4*v - 4 = -0. List the prime factors of ((-9)/2 + v)*-2.
11
Let o(l) = 1 - 4*l - l + 23*l + 3. List the prime factors of o(2).
2, 5
Let d = -1 + 10. Suppose d*m = 5*m + 60. List the prime factors of m.
3, 5
Let p(y) = -y**2 + 5*y + 2. Let u be p(5). Suppose 2*v + 6 = 5*v, u*m + 3*v = 26. What are the prime factors of m?
2, 5
Let g = 2 + 1. Let z(n) = n**2 - 6*n + 7. Let a be z(5). Suppose -g*k + 2*b + 21 = -a*b, 4*k = 3*b + 35. What are the prime factors of k?
11
Suppose -2*q + 7 = 2*u - 13, -15 = -3*q. Suppose 80 = -m + u*m. List the prime factors of m.
2, 5
Let u(y) = y**2 + 2*y + 1. Let z be u(-3). Suppose -3*g - z = -4*g. List the prime factors of g.
2
Let a be (-73)/(-7) + (-3)/7. Suppose c = 4*w + 4, c + 2*w - a - 12 = 0. What are the prime factors of c?
2
Suppose 2*c + 2*p = -2*c + 230, -173 = -3*c - p. Suppose 0*r = 2*r - c. List the prime factors of r.
29
Suppose 4*v = -3*z + z + 498, -2*z - 132 = -v. What are the prime factors of v?
2, 3, 7
Let t(b) = -b**2 + b + 9. Let g be t(0). Let q = -7 + g. List the prime factors of q.
2
List the prime factors of (10/6)/((-30)/(-108)).
2, 3
Let k = 2 + 0. Let g = 8 + -6. Let i = g + k. List the prime factors of i.
2
Suppose 0*j + 2*j = 70. What are the prime factors of j?
5, 7
Let w = 0 + -6. Let d = -3 - w. Suppose -3 - 3 = -d*o. What are the prime factors of o?
2
Let t(h) = -2*h + 4. Let a be t(-4). Let n = a + -6. What are the prime factors of n?
2, 3
Suppose 2*j = 4*j - 32. List the prime factors of j.
2
Suppose -q - 3*c = -39, 2*q + c = 2*c + 92. List the prime factors of q.
3, 5
Let t be (-3)/(-1*(-3)/(-15)). List the prime factors of 42/t + 3/15.
3
Let x(b) = -b**3 + 10*b**2 - 7*b - 2. Let u be x(9). Suppose -12 - u = -2*y. What are the prime factors of y?
2, 7
Let o(n) = -17*n + 14. List the prime factors of o(-5).
3, 11
Let i(l) = l + 3. Let u be i(-6). Let p = u - -6. Suppose -16 - 5 = -p*y. What are the prime factors of y?
7
Suppose -m + 0*m + 12 = 0. Let u(c) = -8 - c + 4*c - 2*c. List the prime factors of u(m).
2
Let h(s) = s**2 + 5*s + 2. Let o be h(-5). Let c be 36*(2 - 16/12). Suppose c + 0 = o*b. What are the prime factors of b?
2, 3
Suppose 5*b + 15 = 0, -5*i - 20 + 683 = 4*b. What are the prime factors of i?
3, 5
Let x = 8 + -7. Let s be -2*x/(-2)*-11. Let r = s - -22. List the prime factors of r.
11
Suppose j - 43 = 3*h + 3*j, -3*h = j + 44. Let k = -1 - h. Suppose -x + 1 + k = 0. What are the prime factors of x?
3, 5
Let t = 5 - 9. Let f = 10 - t. List the prime factors of f.
2, 7
Let p(c) = -c**3 - 9*c**2 - 10*c - 12. Let h be p(-8). Suppose h = 5*o - 1, -16 = -3*y - 4*o. List the prime factors of y.
2
Let s(v) = -v**3 - 6*v**2 - 6*v + 2. What are the prime factors of s(-6)?
2, 19
Let y(o) = -3*o - 16. What are the prime factors of y(-6)?
2
Suppose 52*l = 51*l + 63. What are the prime factors of l?
3, 7
Let r be (-7 + 2 + 0)/(-1). Suppose 0 = -2*c, -r*d + d + 5*c + 48 = 0. What are the prime factors of d?
2, 3
Suppose -4*v + 0*v = 16. What are the prime factors of (-1)/v + (-525)/(-28)?
19
Let i = -176 + 273. What are the prime factors of i?
97
Let h(o) = -2*o - 9. List the prime factors of h(-6).
3
Suppose -4*r = 2*u + r - 167, -u = -r - 101. List the prime factors of u.
2, 3
Let u = -173 - -317. List the prime factors of u.
2, 3
Let q(x) = x**3 - 16*x**2 + 7*x - 13. Let t be q(16). Suppose 3*v + 21 = t. List the prime factors of v.
2, 13
List the prime factors of 1*(-2)/4*(-26 - 448).
3, 79
Let q = 25 - 11. Let t = q + -2. Suppose 3*i - t = -i. List the prime factors of i.
3
Suppose -6*f = -2*f - 24. Let r(u) = -u**3 + 6*u**2 + 3*u - 6. Let z be r(f). Suppose 4 + z = 4*j. What are the prime factors of j?
2
What are the prime factors of 1417/39 + (-8)/6?
5, 7
Let s be -3*((-8)/3 - -2). Suppose l + 64 = 4*b - s*l, -43 = -3*b + l. What are the prime factors of b?
13
Let y(o) = -9*o + 4*o + o - 3*o. Let r be y(-1). Suppose 0 = 4*g - r - 5. What are the prime factors of g?
3
What are the prime factors of 27*(0 + 5)/1?
3, 5
Let b(q) = q + 16. Let w = -14 + 7. List the prime factors of b(w).
3
What are the prime factors of 1*3 + (19 - -95)?
3, 13
Let o(s) = -s + 5*s - 8*s - 2 - 4. What are the prime factors of o(-5)?
2, 7
Let q(b) = b**3 + 4*b**2 + 4*b + 1. Let r be q(-4). Let j = r + 48. What are the prime factors of j?
3, 11
Let l(y) = y**2 - y - 1. Let i be l(-2). Suppose i*q = 97 + 13. List the prime factors of q.
2, 11
Let q(d) = -2*d - 4. List the prime factors of q(-13).
2, 11
Let j be (2 + 1 - 0) + -1. Suppose -18 = -j*l - 4. List the prime factors of l.
7
Suppose 7 + 1 = z. Let f(a) = a + 4. List the prime factors of f(z).
2, 3
Suppose 73 = 5*f + 18. Let v(w) = -w - 1. Let p be v(6). Let j = f + p. What are the prime factors of j?
2
Let i(l) = l**2 + 5*l + 1. Let x be i(-4). Let z(r) = -r - 4. Let g(k) = -2*k - 4. Let u(y) = 6*g(y) - 5*z(y). What are the prime factors of u(x)?
17
Let a = -25 + 36. Suppose 3*i - 17 = 3*t + 34, i + 2*t - a = 0. List the prime factors of i.
3, 5
Suppose -8*w + 256 = -4*w. List the prime factors of w.
2
Let u = 4 - -20. List the prime factors of u.
2, 3
Let z(m) = -14*m - 49. What are the prime factors of z(-11)?
3, 5, 7
Suppose y - 6 = -y, 2*y = 2*n + 4. Suppose 0 = w - n + 2. What are the prime factors of (-42)/(-1 + w) - 3?
2, 3
List the prime factors of 160 - ((-14)/4 - -4)*8.
2, 3, 13
What are the prime factors of (-4)/(-4) - 3 - -37?
5, 7
Suppose l + 0 + 1 = 0. Let o be 2 + 2 + (-1 - l). Suppose -15 - 5 = -o*g + 4*c, 0 = -3*g - 5*c + 39. List the prime factors of g.
2
Suppose -w - 16 = -3*g, -5*g + 2*w - 3*w + 16 = 0. Suppose j - 20 = -3*x, x - 32 = -3*x + g*j. Suppose x = 2*h - 3. List the prime factors of h.
5
Suppose 6*r = 3*r. Suppose r = 2*z + 1 - 11. List the prime factors of z.
5
Suppose -c + 19 = -0*c. Suppose -5 - c = -2*l. What are the prime factors of l?
2, 3
Let q be 0*3/(2 - -1). Suppose q*l - 12 = -l. List the prime factors of l.
2, 3
Let t be (-4)/10 - (-44)/10. Suppose -9 = -7*y + 5. Suppose 3*a = t*f - a - 8, -f = 3*a - y. What are the prime factors of f?
2
Let m be 1/(22/(-12) - -2). List the prime factors of 3/6 + 69/m.
2, 3
Let m = -6 - 0. Let t = -3 - m. Suppose -3*v + q + 13 = 0, t*q = -0*v + 5*v - 19. What are the prime factors of v?
5
Suppose -p = -3*p. List the prime factors of 1 + 13 + -3 - p.
11
Let b(z) = -5 + 28*z**2 - 2*z - 1 - 27*z**2. List the prime factors of b(-3).
3
What are the prime factors of (-3)/(-21)*464 + (-2)/7?
2, 3, 11
Let m(w) = 5*w**2 - 2*w - 1. Suppose 2*l = 2*k + 6, -4*l - 1 = 3*k - 6. Let x be m(k). Let b = x - -1. List the prime factors of b.
7
Let u(r) = 3*r. Let